{"id":572,"date":"2019-07-31T15:58:44","date_gmt":"2019-07-31T13:58:44","guid":{"rendered":"http:\/\/geriatrie.lu\/?page_id=572"},"modified":"2019-07-31T15:58:44","modified_gmt":"2019-07-31T13:58:44","slug":"journee-personne-agee-2019","status":"publish","type":"page","link":"https:\/\/geriatrie.lu\/index.php\/journee-personne-agee-2019\/","title":{"rendered":"Journ\u00e9e personne \u00e2g\u00e9e 2019"},"content":{"rendered":"<p><strong>Journ\u00e9e Personne \u00c2g\u00e9e 2019: 30 Septembre organis\u00e9e en collaboration avec ALGG<\/strong><\/p>\n<p>Edup\u00f4le Walferdange: 14.00-17.00 sous le patronage du Minist\u00e8re de la Famille<\/p>\n<p>Pr Dr Alexandra Freund &#8211; Psychologisches Institut Universit\u00e4t Z\u00fcrich<\/p>\n<p>\u201d <strong>Motivation and Aging: a tale of shifting horizons\u201d<\/strong><\/p>\n<p><a href=\"http:\/\/geriatrie.lu\/wp-content\/uploads\/2019\/07\/ALGG_invitation_2019-09-30_34-JOURNEE-DE-LA-PERSONNE-AGEE.pdf_2019-07-18.pdf\">ALGG_invitation_2019-09-30_34 JOURNEE DE LA PERSONNE \u00c2GEE.pdf_2019-07-18<\/a><\/p>\n<p>&nbsp;<\/p>\n","protected":false},"excerpt":{"rendered":"<p>Journ\u00e9e Personne \u00c2g\u00e9e 2019: 30 Septembre organis\u00e9e en collaboration avec ALGG Edup\u00f4le Walferdange: 14.00-17.00 sous le patronage du Minist\u00e8re de la Famille Pr Dr Alexandra Freund &#8211; Psychologisches Institut Universit\u00e4t Z\u00fcrich \u201d Motivation and Aging: a tale of shifting horizons\u201d ALGG_invitation_2019-09-30_34 JOURNEE DE LA PERSONNE \u00c2GEE.pdf_2019-07-18 &nbsp;<\/p>\n","protected":false},"author":2,"featured_media":0,"parent":0,"menu_order":0,"comment_status":"closed","ping_status":"closed","template":"","meta":[],"_links":{"self":[{"href":"https:\/\/geriatrie.lu\/index.php\/wp-json\/wp\/v2\/pages\/572"}],"collection":[{"href":"https:\/\/geriatrie.lu\/index.php\/wp-json\/wp\/v2\/pages"}],"about":[{"href":"https:\/\/geriatrie.lu\/index.php\/wp-json\/wp\/v2\/types\/page"}],"author":[{"embeddable":true,"href":"https:\/\/geriatrie.lu\/index.php\/wp-json\/wp\/v2\/users\/2"}],"replies":[{"embeddable":true,"href":"https:\/\/geriatrie.lu\/index.php\/wp-json\/wp\/v2\/comments?post=572"}],"version-history":[{"count":0,"href":"https:\/\/geriatrie.lu\/index.php\/wp-json\/wp\/v2\/pages\/572\/revisions"}],"wp:attachment":[{"href":"https:\/\/geriatrie.lu\/index.php\/wp-json\/wp\/v2\/media?parent=572"}],"curies":[{"name":"wp","href":"https:\/\/api.w.org\/{rel}","templated":true}]}}

Journée personne âgée 2019

<p><strong>Journée Personne Âgée 2019: 30 Septembre organisée en collaboration avec ALGG</strong></p>
<p>Edupôle Walferdange: 14.00-17.00 sous le patronage du Ministère de la Famille</p>
<p>Pr Dr Alexandra Freund &#8211; Psychologisches Institut Universität Zürich</p>
<p>” <strong>Motivation and Aging: a tale of shifting horizons”</strong></p>
<p><a href="http://geriatrie.lu/wp-content/uploads/2019/07/ALGG_invitation_2019-09-30_34-JOURNEE-DE-LA-PERSONNE-AGEE.pdf_2019-07-18.pdf">ALGG_invitation_2019-09-30_34 JOURNEE DE LA PERSONNE ÂGEE.pdf_2019-07-18</a></p>
<p>&nbsp;</p>

<p>Journée Personne Âgée 2019: 30 Septembre organisée en collaboration avec ALGG Edupôle Walferdange: 14.00-17.00 sous le patronage du Ministère de la Famille Pr Dr Alexandra Freund &#8211; Psychologisches Institut Universität Zürich ” Motivation and Aging: a tale of shifting horizons” ALGG_invitation_2019-09-30_34 JOURNEE DE LA PERSONNE ÂGEE.pdf_2019-07-18 &nbsp;</p>
